et h be 8 + (5 - 6) - 13. Give a(h).
4
Let p(i) = i**2 + 15*i + 22. Let j be p(-13). Let d be (j/3)/((-2)/3). Let s(o) = -o + 3. Give s(d).
1
Let l(x) = -x**3 - 6*x**2 + 8*x + 7. Suppose 0 = -7*i + 4*i - 6. Let q be 1*1*-11 + (-8)/i. Give l(q).
0
Let r(j) be the second derivative of j**3/3 - 7*j**2/2 - 14*j. Suppose -5*b - 4*u = -22, -4*u - 32 = 2*b - 6*b. What is r(b)?
5
Let s = 25 + -85. Let y be (-3)/2*s/(-18). Let x(p) = 2*p + 6. Give x(y).
-4
Suppose 0*w = -3*v + 2*w + 12, -v = -4*w + 6. Let n be ((-15)/(-6) - 1)*2. Let g(a) = -a**n + 3*a - 2*a - v*a**2 + 5 + 2. What is g(-6)?
1
Let a(g) be the first derivative of -g**6/360 - 3*g**5/40 - 5*g**4/24 + g**3/3 + 10. Let x(s) be the third derivative of a(s). What is x(-6)?
13
Suppose -2*y = q + 4*q - 41, 4*q - 4*y - 16 = 0. Let r(v) = 6*v**3 + 4*v + 3*v**2 - q*v**3 - v + 1. Let s = -11 - -15. Determine r(s).
-3
Let z(f) be the third derivative of f**7/1680 - f**6/360 - f**5/12 + 3*f**2. Let w(u) be the third derivative of z(u). Calculate w(4).
10
Let w(d) = -3 - 304*d + 5 + 136*d + 165*d. Suppose -4*q = 4*o - 28, 5*q - 23 = q - 3*o. Give w(q).
-4
Let o(x) = 2 - 21*x**3 - 3*x**2 + 46*x**3 - 2*x - 23*x**3 + 5*x. Give o(3).
38
Let c(l) = 6*l**2 + 2*l + 3. Let g(j) = -7*j**2 - 3*j - 3. Let t(u) = -6*c(u) - 5*g(u). Let x = -7394 - -7398. Determine t(x).
-7
Let k(q) = q**2 + 3*q - 6. Let c(j) be the third derivative of -j**4/24 + j**3/6 - 20*j**2. Let v(p) = -6*c(p) + k(p). What is v(-9)?
-12
Let s(h) = -h - 1. Let r(z) = -z**2 + 6*z + 17. Let y(g) = r(g) + 6*s(g). Let q(d) = 3*d**2 + 8*d - 3. Let p be q(-3). Give y(p).
11
Let t(v) be the second derivative of v**4/6 + v**3/2 - 3*v**2/2 - 100*v. Calculate t(-4).
17
Let i(v) = -v**2 + 5*v + 4. Suppose 96 = o + 11*o. Suppose 0*g + 2*g + 23 = 5*l, l = -3*g + o. Determine i(l).
4
Let m(n) = 2*n**3 - 32*n**2 - 3. Suppose 26*s - 173 = 243. Calculate m(s).
-3
Let z(n) = n**2 + 3*n - 9. Let k(p) = -3*p**2 + 11*p + 27. Let q be k(-2). Determine z(q).
19
Let m(p) = -3*p**2 - 10*p - 4. Let g(y) = 16*y**2 + 49*y + 22. Let l(k) = 2*g(k) + 11*m(k). Calculate l(-12).
0
Let f(i) be the first derivative of -i**4/4 - 7*i**3/3 + 17*i**2/2 - 7*i - 891. Determine f(-9).
2
Suppose 0*l - l = -4*n + 13, 0 = -5*n - 2*l + 13. Let t(m) = -4*m + 7. What is t(n)?
-5
Let b(o) = -131*o - 4*o**2 + 53*o**3 + 127*o - 55*o**3 - 3. Determine b(-2).
5
Let r be (1 + -2)*0/3. Let f(p) = 19*p**2 + 7*p + 10. Let c(u) = -16*u**2 - 6*u - 10. Let v(x) = -6*c(x) - 5*f(x). Determine v(r).
10
Suppose 4 = 48*p - 52*p. Let m(h) = -h**2 - 2*h - 1. Determine m(p).
0
Suppose 0 = 4*y + 5*b - 35, -2 = -y - 2*b + 9. Let h(x) = 2*x - 1. Let m(g) = -11*g + 8. Let c(v) = -5*h(v) - m(v). Calculate c(y).
2
Let m be (-40)/30*(-3)/2. Suppose 15 = 3*i + m*i. Let f(b) = -b + 3 - i - 3. Give f(0).
-3
Let j(l) = l**3 - 4 + 21*l**2 - 32*l**2 + 9*l + 20*l**2. What is j(-8)?
-12
Let x(t) = -t**2 - 5*t + 4. Suppose 450 = -10*q + 390. Determine x(q).
-2
Let v(b) = b**2 - 17*b + 17. Let x be v(16). Let z(r) = 14*r**2 + 4*r - 2. What is z(x)?
16
Let x(l) = l**2 - 9*l + 10. Suppose -2*c = -3*f - 16, -3*c + 2*c + 8 = -4*f. Let w be x(c). Let b(m) = 4 + 3 + 3*m**2 - w*m**2 + 0. Give b(0).
7
Let p be 4012/649 + (-4)/22. Let a(y) = y**3 - 6*y**2 - y + 5. Calculate a(p).
-1
Let g(f) = -f + 1. Let p be g(-3). Suppose -p*i + 6*i = 4. Suppose i*y - 4*m + 8 = 0, 2*y + 2*m - 24 = -2*m. Let d(s) = s**3 - 5*s**2 + s + 5. Calculate d(y).
-7
Let k(q) = q**3 + 8*q**2 + 8*q + 15. Suppose -14*l - 229 + 131 = 0. What is k(l)?
8
Let z(m) = -m - 7. Let a be z(-11). Let w(y) = -y + 5. Let b be w(4). Let o(c) = 3*c - 2*c + b - 4*c. What is o(a)?
-11
Let p(b) = -b**2 - b + 8. Let g be p(0). Let q = -5 + g. Let a(i) be the first derivative of i**2 - 3*i - 14. Give a(q).
3
Let v(k) be the second derivative of -k**4/12 + 2*k**3 - 23*k**2/2 + 204*k. Let j = 13 + -4. Let y be v(j). Let q(n) = n**3 - 5*n**2 + 7*n - 4. Determine q(y).
8
Let k(p) = -p**2 + 6*p + 3. Let g be (-465)/(-6) + 3 + 2/(-4). Let y = g + -74. What is k(y)?
3
Let v(b) be the third derivative of 3*b**4/8 + 7*b**3/3 - b**2 + 159*b. Determine v(-9).
-67
Let v(u) = -13*u + 291. Let q be v(22). Let o(f) be the first derivative of -f**2/2 - 4*f - 3. What is o(q)?
-9
Let d(s) = 3*s**3 - 2*s**2 - 3*s - 3. Suppose 24*b - 16*b + 16 = 0. Determine d(b).
-29
Let s be (-9)/(-2) + (-19)/38. Let n(o) = 5*o + 4. Give n(s).
24
Let m(g) = -5*g - 9. Let d be ((-2)/(-4))/((-87)/348). Determine m(d).
1
Suppose -2*k + j + 8 = -0*k, 0 = k + 3*j - 18. Suppose 0 = 2*f - k. Let t(s) = s**3 - 3*s**2 - 1. What is t(f)?
-1
Let f(a) = -29*a - 3. Suppose -u = 3*q - 1, 0*u = 4*u + 5*q + 3. Calculate f(u).
55
Let q(d) = -3*d + 25. Let h be (-100)/15 - 1/3. Let p(b) = b - 12. Let x(f) = h*p(f) - 3*q(f). What is x(-6)?
-3
Let q(x) be the second derivative of x**4/12 + 3*x**3 + 13*x**2/2 - 5*x + 6. What is q(-17)?
-4
Suppose -2*j - d + 5 = 3*j, -4*d + 20 = 3*j. Let p be (16 + -1)*(-60)/(-36). Let w(b) = 8 - 7 + 24*b - p*b. What is w(j)?
1
Let r(j) = 23*j**2 - 2*j + 5. Let s(v) = 15*v**2 - v + 3. Suppose 10*t - 5*t + 70 = 0. Let p = -6 - t. Let h(g) = p*s(g) - 5*r(g). What is h(1)?
6
Let w(t) = t**3 + 9*t**2 - 9*t. Let q = -303 - -293. Calculate w(q).
-10
Let z(a) = -a**3 + a - 3. Let w(c) = c**3 + c**2 + c + 2. Let j(i) = -3*w(i) - 4*z(i). Give j(4).
-6
Let t(h) = -h**3 + 12*h**2 - 11*h + 7. Let a = 533 + -522. What is t(a)?
7
Let s(n) = 15*n**2 + 6*n - 1. Let h(w) = -11*w**2 - 4*w + 1. Let g(t) = -7*h(t) - 5*s(t). Calculate g(-2).
10
Let l(v) = -2*v + 7. Let f = 182 - 188. What is l(f)?
19
Let k(o) = -o**3 - 7*o**2 + 8*o - 1. Let r(u) = -3*u**3 - 13*u**2 + 16*u - 1. Suppose -12 + 32 = 10*y. Let d(f) = y*r(f) - 5*k(f). What is d(8)?
3
Let p(d) = 4*d**3 + 7*d**2 + d + 6. Let z(h) = -26 + 13 + 9 + 5*h**3 + 10 + 8*h**2. Let g(f) = 4*p(f) - 3*z(f). Give g(-4).
-10
Let l = 29 - 26. Suppose 0 = -l*k - 4*n + 2*n + 34, -55 = -5*k - 3*n. Let g(t) = -t**3 + 8*t**2 + 3. Calculate g(k).
3
Let a(w) be the first derivative of 3/2*w**2 - 16 - 3*w. Calculate a(-7).
-24
Let g(s) = 9*s**2 + s**3 + 6 + 259*s - 250*s - 5. What is g(-8)?
-7
Let r(o) = 90 - o**2 + 5*o + 9*o - 96 - 9*o. What is r(6)?
-12
Let t(v) = -24*v**2 + 1 + 5*v - v + 0*v - 3*v. Give t(-1).
-24
Let h be (-2 + -5 + 4)*-7. Let i(t) = 40*t - h*t - 20*t. Give i(-2).
2
Let p(u) be the second derivative of -u**5/20 + 2*u**4/3 + u**3/6 - 15*u**2/2 + u - 267. What is p(8)?
-7
Let g(k) = k**2 - 11*k + 10. Let j = -380 + 388. Give g(j).
-14
Let y = 23 + -11. Suppose 0 = -5*j - y + 7. Let i(d) = -12*d + 1. What is i(j)?
13
Let d(g) = -g**3 - 13*g**2 + 29*g - 15. Let q = 1758 + -1773. Calculate d(q).
0
Let j be -2*(-5)/(30/21). Let k(b) = -b**3 + b**2 - b**2 + 8 - 8*b**2 - j*b. Let t be (14*-1)/(4 - 2). Give k(t).
8
Let n be 3*((-9)/((-81)/(-24)) + 4). Let q(v) = 4*v - 3. Let g(m) = -5*m + 4. Let b(a) = n*q(a) + 3*g(a). What is b(-7)?
-7
Let j(z) = -3*z**3 + 2*z**3 - z - 7*z**2 + 760 - 767. Calculate j(-7).
0
Suppose -b - 1 + 6 = -2*n, 20 = 4*b - 2*n. Suppose -3*a - 2*a - 3*i = -15, -2*a = b*i - 25. Let f(g) = 1 + 1 + g + 1 - g**2. Give f(a).
3
Let h(x) = -3*x**3 - 50*x**2 - 47*x + 10. Let k(p) = p**3 + 17*p**2 + 16*p - 3. Let l(y) = -4*h(y) - 11*k(y). Determine l(-12).
-7
Let m(w) be the first derivative of -7*w**4/24 - w**3 + 37*w**2/2 + 31. Let n(x) be the second derivative of m(x). What is n(-4)?
22
Let a(m) = -8*m**2 + m + 8. Let c(z) = -3*z**2 + z + 4. Let u(w) = 2*a(w) - 5*c(w). Determine u(-3).
-4
Let z(n) = -19*n - 3. Let f be (-2)/(-12)*(-76 + 64). Calculate z(f).
35
Let q be 0 - (-1 + 0) - 1. Suppose q = j - 4*j + 24. Let y(w) = 4*w**2 - 11*w**2 - 10*w + 6 + j*w**2. Give y(6).
-18
Suppose -4*v - 2*m = 16, m = 2*m + 2. Let y = 0 - v. Let u(g) = -1 - 2 + 8*g**2 - 1 - 7*g**2 - y*g. Calculate u(5).
6
Let p(c) = 4*c + 1. Let w(z) = z**3 - 12*z**2 - 2*z + 25. Let h be w(12). Calculate p(h).
5
Let j = -35 + 38. Suppose j*l + 2*l = 20. Let v(d) = 2*d - 6. What is v(l)?
2
Let x(s) = -s**2 + 53*s - 101. Let k be x(51). Let t(b) = -2*b + b**2 + 5*b**2 + b. Calculate t(k).
5
Let y = 1813 + -1808. Let a(w) = -w**3 + 4*w**2 + 3*w + 4. Give a(y).
-6
Let w(x) = -4*x - 4. Suppose 2*i + 2*i - 5*n - 12 = 0, -2*i = -4*n. Let f(b) = 11*b + 12. Let p(v) = i*w(v) + 3*f(v). Determine p(